t common factor of 345 and b.
15
Let j(a) = 16*a + 99. Let m be j(18). Let h = m + -373. Let r be 4/(-6) + (-88)/(-6). What is the greatest common factor of h and r?
14
Let i be 150 - (-3)/9*-9. Suppose 5*u - y - 133 = 288, -5*u = -2*y - 422. What is the highest common factor of u and i?
21
Let n be ((-6)/(-10))/((-1)/(-15)). Suppose -54 = -v - 2*w, -2*w + 6*w + 132 = 3*v. What is the highest common factor of n and v?
3
Let s = -55 + 37. Let x(o) = -o**2 - 20*o - 5. Let p be x(s). Let b = 85 - p. What is the highest common divisor of b and 6?
6
Suppose 30 = d + 4*d. Let j(p) = 2*p**3 - 10*p**2 + 7*p + 8. Let t = -87 + 91. Let r be j(t). What is the highest common divisor of d and r?
2
Let o = -3423 + 4940. Calculate the greatest common divisor of o and 123.
41
Suppose v - 5*c = -11, c - 5*c = v - 16. Suppose 0 = -4*r - 4*m + 12, v*r - 35*m + 33*m - 18 = 0. Calculate the greatest common divisor of 164 and r.
4
Let m = 845 + 255. What is the highest common divisor of 132 and m?
44
Let l be 1 - 2 - -1 - -7. Suppose l - 49 = -2*u. Suppose 436*d - 3*h = 439*d - 21, -2*h - 70 = -4*d. Calculate the highest common divisor of u and d.
7
Suppose 188 = -4*p - 104. Let n = -49 - p. Suppose 1299*k = 1271*k + 1251 + 765. What is the greatest common divisor of n and k?
24
Suppose -47*n + 332410 - 38490 = 33*n. Calculate the highest common divisor of 66 and n.
22
Suppose -91199 = -187*z + 99195 - 58559. What is the greatest common divisor of 4089 and z?
141
Let o(h) be the second derivative of h**5/20 - 17*h**4/12 + h**3/2 - 33*h**2/2 - 141*h. Let u be o(17). Calculate the greatest common divisor of 1224 and u.
18
Let h(i) = 16*i**2 + 3*i + 13. Let v be h(-3). Suppose -4 + v = 9*z. Calculate the highest common factor of z and 176.
16
Let w(o) = 3*o**3 - 194*o**2 - 54*o - 43. Let k be w(65). Calculate the greatest common divisor of 273 and k.
21
Suppose 0 = 94*f - 98*f + 117 + 363. Calculate the greatest common divisor of f and 2580.
60
Let w(n) = 414*n - 99. Let c be w(11). Calculate the greatest common divisor of c and 110.
55
Let p be 1 + 0 - (-11 + -1). Suppose 3026*l - 3033*l + 3045 = 0. Let a = l - 331. What is the highest common divisor of a and p?
13
Suppose 14*q = -26*q + 6080. Calculate the highest common factor of 152 and q.
152
Let g = -3146 + 4458. Suppose g = 14*j + 27*j. Suppose 2*h - 8 = -2*h. Calculate the highest common factor of j and h.
2
Let g = 163 + 79. Let j = g + -193. Calculate the highest common divisor of 7 and j.
7
Let m be 12064/(-128) + 6/(-8). Let t be (-35)/(7 - m/(-10)). Suppose 0 = -3*u + 2*d - 0*d + 6, -u - 4*d + 2 = 0. What is the highest common divisor of u and t?
2
Let s be (-12 + 17544/(-85))/(0 + 1/(-5)). What is the highest common divisor of 672 and s?
84
Suppose -24 = -5*y - 9. Suppose 4*n = -g + 7, 20 = y*n - 2*g + 1. Let t(z) = 8*z**2 - 15*z - 21. Let b be t(3). What is the highest common factor of b and n?
3
Suppose -75*k + 348*k - 1290960 = -53*k. Calculate the highest common factor of k and 15.
15
Let t = 124 - 139. Let j be (36/54)/((t/162)/(-5)). Calculate the highest common factor of 48 and j.
12
Let s(r) = -7*r**3 - 5*r**2 - r - 1. Let y be s(-3). Let c = -126 + y. Let w be (25/(-2))/(-5)*2. Calculate the greatest common divisor of w and c.
5
Suppose 0 = 3*z + 2*a - 10, z - 2*a = a + 7. Let b be 1/(-4)*-2 - (-693)/6. What is the greatest common factor of b and z?
4
Suppose 382 = 35*v - 248. Let q be 57/(-18) - -3 - 35004/(-72). Calculate the highest common divisor of v and q.
18
Let i = -4129 + 4223. What is the highest common divisor of 376 and i?
94
Suppose 5*g - 2*c - 110 = 477, -3*c - 588 = -5*g. Calculate the greatest common factor of 1071 and g.
9
Let f = 7896 - 7893. Calculate the greatest common factor of f and 822.
3
Suppose -43 = -d + 12. Let z be 3/(-6)*-25*8316/2310. Calculate the greatest common divisor of z and d.
5
Let n(r) = -r**3 - 40*r**2 - 4*r - 147. Let i be n(-40). Calculate the highest common factor of 923 and i.
13
Let d = -175 - -326. Let t be -1 + d + (-12 - (-48)/8). Calculate the highest common factor of t and 9.
9
Let l be ((-112)/672)/(2/(-228)). Let y = -47 - -85. Calculate the greatest common factor of l and y.
19
Suppose -l - 3*l + 564 = 4*g, 3*g = -5*l + 715. Calculate the highest common factor of 5402 and l.
146
Let w = -121 - -27. Let v = w + 104. What is the highest common factor of 10 and v?
10
Let g(r) be the third derivative of -r**6/120 - r**5/6 - 5*r**4/8 - 7*r**3/2 - 159*r**2. Let u be g(-9). What is the greatest common divisor of 176 and u?
11
Suppose -a - 4 = -3*a, -2*t + 2*a = 332. Let z = -162 - t. Calculate the greatest common divisor of 9 and z.
1
Let b be ((-20)/(-6))/((-28)/(-210)). Let t be 5 - (6 - 3) - -27. Let p = -4 + t. What is the greatest common factor of b and p?
25
Let k(n) = -n**3 - 6*n**2 + 19*n + 8. Let i be k(-6). Let h = 176 + i. Calculate the greatest common divisor of h and 20.
10
Let l = -2974 - -8563. Calculate the highest common divisor of 138 and l.
69
Suppose 2*c = 367 + 653. Let l = 7202 + -7187. What is the greatest common factor of c and l?
15
Let c(u) = -u**2 - 250*u + 8298. Let m be c(29). Calculate the greatest common factor of 14697 and m.
207
Suppose -4*b - 20 = -120 - 108. Calculate the greatest common factor of 299 and b.
13
Let q(a) = 7*a**2 + 2*a - 7. Let w be q(-3). Let z = w + 120. What is the greatest common factor of 136 and z?
34
Let u = -13855 - -15055. What is the greatest common factor of u and 4650?
150
Let l = 5378 - 3096. Calculate the highest common divisor of l and 14.
14
Let o(j) = -j**3 + 35*j**2 + 47*j. Let l be o(36). Suppose -l*m = -399*m + 2550. What is the highest common divisor of 25 and m?
25
Suppose 6*d + 891 = 17*d. Let l = -1331 + 1466. What is the highest common factor of l and d?
27
Let d be 2/10 + 11/(-5). Let n be ((-13)/d)/(8/16). Let i be -1*386/(-6) + 8/12. What is the greatest common divisor of i and n?
13
Let h = -76 + 78. Let y(i) = 2*i**3 - 2*i**2 + 9. Let m be y(h). Suppose -5*v = -3*p + 332, -v = -p + v + 109. What is the greatest common divisor of m and p?
17
Let d = -835 + 307. Let r = 567 + d. Calculate the greatest common divisor of r and 325.
13
Suppose -4*y - 5*n + 16 = 0, -4*n + 20 = 5*y - 3*n. Suppose f - 4 = -0, 2*z = f + 204. Let b = z + -52. Calculate the highest common factor of y and b.
4
Let s(v) = -v**2 - 3*v + 5. Let d be s(0). Suppose -2*x - 3*n = -134, -4*x + 331 - 63 = -d*n. Let z = 81 - x. What is the greatest common factor of 77 and z?
7
Let t(l) = 4*l + 4. Let c be t(4). Let d = 19625 - 19573. What is the greatest common factor of c and d?
4
Let r(w) = -w**2 + 86*w + 144. Let o be r(78). Calculate the highest common factor of o and 24.
24
Suppose -1940 = -3*s - n, -19 = 4*n - 27. Calculate the highest common divisor of s and 442.
34
Let g = -16 + 53. Let k be (-9)/45*-2095 + -12. What is the highest common divisor of k and g?
37
Let t be ((-18)/(-4))/((-15)/(-20)). Let w be 31 - 3 - (-6)/(t/2). Let u be -4*(4 + 9/(-1)). What is the highest common divisor of u and w?
10
Let q = 0 - -1. Let b(w) = -q + w - 1 + 5 - 4. Let s be b(9). What is the greatest common factor of s and 12?
4
Let y = -18775 - -19608. What is the greatest common divisor of 68 and y?
17
Let s be (1 + -1)/(-5 - -3). Suppose 0 = -3*o - 2*h + 183, -5*o + 0*o - 2*h + 305 = s. Let q = o - 56. Calculate the highest common divisor of 45 and q.
5
Suppose 0 = 4*t + 573 + 127. Let u be t/(-45) - (-2)/18. Suppose -3*i + 0*p + 31 = 5*p, 4*p = 4*i + 12. Calculate the highest common divisor of i and u.
2
Let s be (-21)/(-3)*(2980/70 - 14). Calculate the highest common factor of s and 320.
40
Let q(u) = -31 - 555*u - 11 + 580*u + 3. Let t be q(7). Suppose -t - 59 = -13*y. What is the greatest common divisor of y and 15?
15
Suppose -51 = -10*t - 11. Let v = 133 - 95. Let p = v - 28. Calculate the highest common factor of p and t.
2
Suppose 335 = -42*k + 10*k + 495. Calculate the highest common factor of 9335 and k.
5
Let r = 1970 - 1946. Calculate the greatest common divisor of 1272 and r.
24
Let l(x) = -49*x - 5. Let z be l(-6). Let r(v) = 2*v**3 - 21*v**2 + 18*v - 63. Let w be r(10). What is the highest common divisor of w and z?
17
Let n be 1*2 + 38/1. Let t(x) = -x**3 + 12*x**2 - 9*x - 24. Let r be t(11). L